{"id":144,"date":"2021-03-24T15:11:47","date_gmt":"2021-03-24T13:11:47","guid":{"rendered":"http:\/\/guia-practicum-dificultats-aprenentatge.recursos.uoc.edu\/guia-estudiantes\/?page_id=144"},"modified":"2023-09-25T14:02:49","modified_gmt":"2023-09-25T12:02:49","slug":"2-4-letica-professional","status":"publish","type":"page","link":"http:\/\/guia-practicum-dificultats-aprenentatge.recursos.uoc.edu\/guia-estudiantat\/2-4-letica-professional\/","title":{"rendered":"2.5. L&#8217;\u00e8tica professional"},"content":{"rendered":"<p>El comprom\u00eds \u00e8tic i global \u00e9s una de les compet\u00e8ncies transversals de la UOC i es treballa en totes les titulacions de la universitat. Aquesta compet\u00e8ncia t\u00e9 per objectiu formar l&#8217;estudiantat per \u00abactuar de manera honesta, \u00e8tica, sostenible, socialment responsable i respectuosa amb els drets humans i la diversitat\u00bb.<\/p>\n<p>Al llarg de totes les activitats del Pr\u00e0cticum professionalitzador es treballaran i avaluaran diferents dimensions d&#8217;aquesta compet\u00e8ncia especialment relacionades amb:<\/p>\n<ul>\n<li>L\u2019<strong>elusi\u00f3 del plagi acad\u00e8mic<\/strong> o qualsevol altre \u00fas indegut del treball de tercers, citant correctament les fonts documentals utilitzades.<\/li>\n<li>El <strong>respecte a la diversitat cultural<\/strong>.<\/li>\n<li>El <strong>respecte a la igualtat entre homes i dones<\/strong>, incloent l&#8217;\u00fas no sexista de la llengua.<\/li>\n<li>La <strong>protecci\u00f3 de les dades i la privacitat<\/strong> de les criatures i les seves fam\u00edlies.<\/li>\n<li>El disseny i l&#8217;avaluaci\u00f3 de propostes d&#8217;intervenci\u00f3 aplicant criteris de <strong>qualitat<\/strong>, <strong>sostenibilitat<\/strong> i <strong>responsabilitat social<\/strong>.<\/li>\n<li>El <strong>rigor intel\u00b7lectual<\/strong> i les <strong>decisions fonamentades<\/strong> d&#8217;acord amb models te\u00f2rics en l\u2019exercici de la professi\u00f3.<\/li>\n<\/ul>\n<p>La compet\u00e8ncia de comprom\u00eds \u00e8tic es posar\u00e0 especialment de relleu en l&#8217;estada de l&#8217;estudiantat al centre de pr\u00e0ctiques, on haur\u00e0 d&#8217;actuar amb les virtuts personals i professionals que requereix l\u2018exercici correcte de la professi\u00f3 i raonar en temes com la just\u00edcia, l&#8217;equitat, la sostenibilitat, la igualtat de g\u00e8nere o la diversitat cultural en les diferents situacions que pugui trobar en la seva praxi educativa.<\/p>\n<p>Considerant que el comprom\u00eds \u00e8tic requereix un h\u00e0bit de reflexi\u00f3 personal i una actuaci\u00f3 en coher\u00e8ncia amb els propis valors o argumentacions morals, al llarg d&#8217;aquest Pr\u00e0cticum, la <strong>reflexi\u00f3 \u00e8tica<\/strong> far\u00e0 permeable l&#8217;aprenentatge basat en l\u2019experi\u00e8ncia de l&#8217;estudiant, per\u00f2 no des d&#8217;una perspectiva abstracta sin\u00f3 basada en casos concrets i dilemes viscuts pels futurs\/es professionals durant la seva estada al centre de pr\u00e0ctiques.<\/p>\n","protected":false},"excerpt":{"rendered":"<p>El comprom\u00eds \u00e8tic i global \u00e9s una de les compet\u00e8ncies transversals de la UOC i es treballa en totes les titulacions de la universitat. Aquesta compet\u00e8ncia t\u00e9 per objectiu formar l&#8217;estudiantat per \u00abactuar de manera honesta, \u00e8tica, sostenible, socialment responsable i respectuosa amb els drets humans i la diversitat\u00bb. Al llarg de totes les activitats [&hellip;]<\/p>\n","protected":false},"author":1,"featured_media":0,"parent":0,"menu_order":0,"comment_status":"closed","ping_status":"closed","template":"","meta":[],"_links":{"self":[{"href":"http:\/\/guia-practicum-dificultats-aprenentatge.recursos.uoc.edu\/guia-estudiantat\/wp-json\/wp\/v2\/pages\/144"}],"collection":[{"href":"http:\/\/guia-practicum-dificultats-aprenentatge.recursos.uoc.edu\/guia-estudiantat\/wp-json\/wp\/v2\/pages"}],"about":[{"href":"http:\/\/guia-practicum-dificultats-aprenentatge.recursos.uoc.edu\/guia-estudiantat\/wp-json\/wp\/v2\/types\/page"}],"author":[{"embeddable":true,"href":"http:\/\/guia-practicum-dificultats-aprenentatge.recursos.uoc.edu\/guia-estudiantat\/wp-json\/wp\/v2\/users\/1"}],"replies":[{"embeddable":true,"href":"http:\/\/guia-practicum-dificultats-aprenentatge.recursos.uoc.edu\/guia-estudiantat\/wp-json\/wp\/v2\/comments?post=144"}],"version-history":[{"count":8,"href":"http:\/\/guia-practicum-dificultats-aprenentatge.recursos.uoc.edu\/guia-estudiantat\/wp-json\/wp\/v2\/pages\/144\/revisions"}],"predecessor-version":[{"id":925,"href":"http:\/\/guia-practicum-dificultats-aprenentatge.recursos.uoc.edu\/guia-estudiantat\/wp-json\/wp\/v2\/pages\/144\/revisions\/925"}],"wp:attachment":[{"href":"http:\/\/guia-practicum-dificultats-aprenentatge.recursos.uoc.edu\/guia-estudiantat\/wp-json\/wp\/v2\/media?parent=144"}],"curies":[{"name":"wp","href":"https:\/\/api.w.org\/{rel}","templated":true}]}}