{"id":162,"date":"2021-03-24T15:33:56","date_gmt":"2021-03-24T13:33:56","guid":{"rendered":"http:\/\/guia-practicum-dificultats-aprenentatge.recursos.uoc.edu\/guia-estudiantes\/?page_id=162"},"modified":"2025-11-05T15:34:33","modified_gmt":"2025-11-05T13:34:33","slug":"3-2-metodologia-de-lassignatura","status":"publish","type":"page","link":"http:\/\/guia-practicum-dificultats-aprenentatge.recursos.uoc.edu\/guia-estudiantat\/3-2-metodologia-de-lassignatura\/","title":{"rendered":"3.2. Metodologia de l&#8217;assignatura"},"content":{"rendered":"<p>En coher\u00e8ncia amb el model educatiu de la UOC, en el Pr\u00e0cticum professionalitzador s&#8217;organitzen tots els recursos d&#8217;aprenentatge entorn de l&#8217;activitat que l&#8217;estudiantat ha de fer, de manera que disposi de les persones, el suport, la informaci\u00f3, l&#8217;assessorament i la retroalimentaci\u00f3 que requereixi en tot moment.<\/p>\n<p>Com ha estat assenyalat anteriorment, l\u2019estudiantat del Pr\u00e0cticum professionalitzador disposa de dues figures docents d&#8217;acompanyament en el desenvolupament de les activitats d&#8217;aprenentatge: el tutor o tutora del centre de pr\u00e0ctiques i el\/la docent col\u00b7laborador\/a de la UOC. La interacci\u00f3 amb el tutor o tutora de centre es fa de manera presencial al llarg de les 100 hores de pr\u00e0ctiques que ha de fer l&#8217;estudiantat, mentre que la interacci\u00f3 amb el\/la docent col\u00b7laborador\/a s&#8217;efectua de manera virtual i asincr\u00f2nica mitjan\u00e7ant l&#8217;aula de la UOC.<\/p>\n<p>L&#8217;espai en el qual se centralitzen la major part dels recursos d&#8217;aprenentatge \u00e9s l\u2019<strong>aula virtual<\/strong>, on el\/la docent col\u00b7laborador\/a fa el seguiment del grup i de cada estudiant, posa a l&#8217;abast tots els recursos i facilita la interacci\u00f3 entre els i les estudiants a fi de detectar possibles mancances, solucionar incid\u00e8ncies, reconduir situacions, etc.<\/p>\n<p>A m\u00e9s, a l&#8217;aula virtual es presenten i es donen les pautes perqu\u00e8 l&#8217;estudiantat faci les activitats d&#8217;avaluaci\u00f3 cont\u00ednua (PAC), es posen en com\u00fa les possibles dificultats i solucions, i es comparteixen els recursos i les estrat\u00e8gies que es van trobant o desenvolupant. Els espais de comunicaci\u00f3 de grup s\u00f3n, doncs, una eina b\u00e0sica per fomentar les din\u00e0miques de grup, la compartici\u00f3 de coneixements i la resoluci\u00f3 de problemes o dubtes.<\/p>\n<p>Els espais principals de comunicaci\u00f3 de l&#8217;aula virtual s\u00f3n els seg\u00fcents:<\/p>\n<ul>\n<li><strong>Anuncis<\/strong>: serveix perqu\u00e8 el professorat col\u00b7laborador faci comunicacions generals i doni orientacions b\u00e0siques al grup en relaci\u00f3 amb les PAC, els seus terminis de lliurament, les seves caracter\u00edstiques, etc. A m\u00e9s, \u00e9s molt \u00fatil per comunicar a tot el grup els aspectes transversals que el\/la docent pugui detectar, en el seguiment individual dels diferents projectes, que siguin interessants per a la resta del grup.<\/li>\n<li><strong>F\u00f2rums<\/strong>: \u00e9s l&#8217;espai de relaci\u00f3 informal entre el grup i tamb\u00e9 amb el professorat col\u00b7laborador. La seva finalitat principal \u00e9s facilitar la comunicaci\u00f3 entre les persones que constitueixen el grup, amb la intenci\u00f3 de compartir l&#8217;experi\u00e8ncia de les pr\u00e0ctiques i construir una xarxa de suport rec\u00edproc. Aix\u00ed doncs, es tracta d&#8217;un espai on compartir al m\u00e0xim les preocupacions, els dubtes i les formes de treball. Per tant, el f\u00f2rum \u00e9s un espai fonamental de treball compartit, el rendiment del qual dependr\u00e0 tant de la predisposici\u00f3 a participar-hi per part dels i les membres del grup com de la capacitat de dinamitzaci\u00f3 del\/la docent.<\/li>\n<\/ul>\n<p>En la mesura en qu\u00e8 sigui necessari per a l&#8217;optimitzaci\u00f3 del proc\u00e9s educatiu de l&#8217;estudiantat, s&#8217;integraran a l&#8217;aula altres eines de comunicaci\u00f3 sincr\u00f2nica o asincr\u00f2nica que permetin la construcci\u00f3 conjunta del coneixement, o el treball transversal d&#8217;alguns aspectes de l&#8217;assignatura.<\/p>\n","protected":false},"excerpt":{"rendered":"<p>En coher\u00e8ncia amb el model educatiu de la UOC, en el Pr\u00e0cticum professionalitzador s&#8217;organitzen tots els recursos d&#8217;aprenentatge entorn de l&#8217;activitat que l&#8217;estudiantat ha de fer, de manera que disposi de les persones, el suport, la informaci\u00f3, l&#8217;assessorament i la retroalimentaci\u00f3 que requereixi en tot moment. Com ha estat assenyalat anteriorment, l\u2019estudiantat del Pr\u00e0cticum professionalitzador [&hellip;]<\/p>\n","protected":false},"author":1,"featured_media":0,"parent":0,"menu_order":0,"comment_status":"closed","ping_status":"closed","template":"","meta":[],"_links":{"self":[{"href":"http:\/\/guia-practicum-dificultats-aprenentatge.recursos.uoc.edu\/guia-estudiantat\/wp-json\/wp\/v2\/pages\/162"}],"collection":[{"href":"http:\/\/guia-practicum-dificultats-aprenentatge.recursos.uoc.edu\/guia-estudiantat\/wp-json\/wp\/v2\/pages"}],"about":[{"href":"http:\/\/guia-practicum-dificultats-aprenentatge.recursos.uoc.edu\/guia-estudiantat\/wp-json\/wp\/v2\/types\/page"}],"author":[{"embeddable":true,"href":"http:\/\/guia-practicum-dificultats-aprenentatge.recursos.uoc.edu\/guia-estudiantat\/wp-json\/wp\/v2\/users\/1"}],"replies":[{"embeddable":true,"href":"http:\/\/guia-practicum-dificultats-aprenentatge.recursos.uoc.edu\/guia-estudiantat\/wp-json\/wp\/v2\/comments?post=162"}],"version-history":[{"count":12,"href":"http:\/\/guia-practicum-dificultats-aprenentatge.recursos.uoc.edu\/guia-estudiantat\/wp-json\/wp\/v2\/pages\/162\/revisions"}],"predecessor-version":[{"id":944,"href":"http:\/\/guia-practicum-dificultats-aprenentatge.recursos.uoc.edu\/guia-estudiantat\/wp-json\/wp\/v2\/pages\/162\/revisions\/944"}],"wp:attachment":[{"href":"http:\/\/guia-practicum-dificultats-aprenentatge.recursos.uoc.edu\/guia-estudiantat\/wp-json\/wp\/v2\/media?parent=162"}],"curies":[{"name":"wp","href":"https:\/\/api.w.org\/{rel}","templated":true}]}}