{"id":384,"date":"2022-06-30T08:37:16","date_gmt":"2022-06-30T06:37:16","guid":{"rendered":"http:\/\/guia-practicum-dificultats-aprenentatge.recursos.uoc.edu\/guia-estudiantes\/?page_id=384"},"modified":"2025-11-28T18:41:30","modified_gmt":"2025-11-28T16:41:30","slug":"4-2-canvi-de-la-tutora-o-tutor-del-centre","status":"publish","type":"page","link":"http:\/\/guia-practicum-dificultats-aprenentatge.recursos.uoc.edu\/guia-estudiantat\/4-2-canvi-de-la-tutora-o-tutor-del-centre\/","title":{"rendered":"4.2. Canvi de la tutora o tutor del centre"},"content":{"rendered":"<p>Un cop iniciat el semestre, si hi ha un canvi de la tutora o tutor de refer\u00e8ncia al centre educatiu, l&#8217;estudiant ha d&#8217;obrir una consulta al <strong>servei d&#8217;atenci\u00f3 <\/strong>amb totes les dades de la nova persona qui tutoritzar\u00e0 les pr\u00e0ctiques al centre perqu\u00e8 el canvi sigui validat per la coordinaci\u00f3 de l\u2019assignatura. Espec\u00edficament, ha d\u2019informar a la sol\u00b7licitud: el motiu de canvi de la tutora o tutor del centre, la titulaci\u00f3 d&#8217;aquesta nova persona qui far\u00e0 la tutoritzaci\u00f3 i les funcions i tasques principals que desenvolupa durant la seva jornada laboral al centre de pr\u00e0ctiques.<\/p>\n<p>Si el canvi de la persona tutora el sol\u00b7licita el centre, s\u2019ha d\u2019utilitzar el <a href=\"https:\/\/www.uoc.edu\/portal\/ca\/universitat\/serveis\/practiques-mobilitat\/empreses\/index.html#10\" target=\"_blank\" rel=\"noopener\">canal de comunicaci\u00f3 per a centres de la universitat<\/a>.<\/p>\n<p>Tal com marca la Guia de sol\u00b7licitud, la tutora o tutor ha de tenir el mateix t\u00edtol de grau\/llicenciatura\/diplomatura que l&#8217;estudiant, i ha d&#8217;estar duent a terme tasques que corresponen a la seva titulaci\u00f3. En cas contrari l&#8217;estudiant ha de justificar que la tutora o tutor del centre est\u00e0 autoritzada a fer les tasques que li son pr\u00f2pies.<\/p>\n<p>En cas de dubte, sobre la idone\u00eftat de la persona qui tutoritza les pr\u00e0ctiques al centre, podeu consultar la taula 4.<\/p>\n<div class=\"tabletitle\"><p>Taula 4. En quins centres puc fer les pr\u00e0ctiques?<\/p>\n<\/div>\n<table width=\"586\">\n<tbody>\n<tr>\n<td width=\"189\">\n<div class=\"page\" title=\"Page 1\">\n<div class=\"section\">\n<div class=\"layoutArea\">\n<div class=\"column\"><strong>Titulacio\u0301 d\u2019acce\u0301s al ma\u0300ster<\/strong><\/div>\n<\/div>\n<\/div>\n<\/div>\n<\/td>\n<td width=\"180\">\n<div class=\"page\" title=\"Page 1\">\n<div class=\"section\">\n<div class=\"layoutArea\">\n<div class=\"column\"><strong>En quins centres puc fer les pra\u0300ctiques?<\/strong><\/div>\n<\/div>\n<\/div>\n<\/div>\n<\/td>\n<td width=\"217\">\n<div class=\"page\" title=\"Page 1\">\n<div class=\"section\">\n<div class=\"layoutArea\">\n<div class=\"column\"><strong>Quina titulacio\u0301 ha de tenir el tutor o tutora del centre?<\/strong><\/div>\n<\/div>\n<\/div>\n<\/div>\n<\/td>\n<\/tr>\n<tr>\n<td width=\"189\">\n<div class=\"page\" title=\"Page 1\">\n<div class=\"section\">\n<div class=\"layoutArea\">\n<div class=\"column\">Grau \/ Diplomatura<br \/>\n<strong>Mestre o Magisteri<\/strong><\/div>\n<\/div>\n<\/div>\n<\/div>\n<\/td>\n<td width=\"180\">\n<div class=\"page\" title=\"Page 1\">\n<div class=\"section\">\n<div class=\"layoutArea\">\n<div class=\"column\">\n<ul>\n<li>Centres d\u2019Educacio\u0301 Especial:\n<ul>\n<li>Pu\u0301blics<\/li>\n<li>Privats<\/li>\n<\/ul>\n<\/li>\n<\/ul>\n<ul>\n<li>Centres educatius ordinaris<\/li>\n<\/ul>\n<ul>\n<li>Serveis educatius:\n<ul>\n<li>CREDA<\/li>\n<li>CREDV<\/li>\n<\/ul>\n<\/li>\n<\/ul>\n<\/div>\n<\/div>\n<\/div>\n<\/div>\n<\/td>\n<td width=\"217\">\n<div class=\"page\" title=\"Page 1\">\n<div class=\"section\">\n<div class=\"layoutArea\">\n<div class=\"column\">\n<ul>\n<li>Mestre d\u2019Educacio\u0301 especial\n<ul>\n<li>Especialista en Pedagogia terape\u0300utica o Audicio\u0301 i Llenguatge<\/li>\n<\/ul>\n<\/li>\n<\/ul>\n<\/div>\n<\/div>\n<\/div>\n<\/div>\n<\/td>\n<\/tr>\n<tr>\n<td width=\"189\">\n<div class=\"page\" title=\"Page 1\">\n<div class=\"section\">\n<div class=\"layoutArea\">\n<div class=\"column\">Grau \/ Diplomatura<br \/>\n<strong>Educacio\u0301 social<\/strong><\/div>\n<\/div>\n<\/div>\n<\/div>\n<\/td>\n<td width=\"180\">\n<div class=\"page\" title=\"Page 1\">\n<div class=\"section\">\n<div class=\"layoutArea\">\n<div class=\"column\">\n<ul>\n<li>Centres d\u2019Educacio\u0301 Especial:\n<ul>\n<li>Pu\u0301blics<\/li>\n<li>Privats<\/li>\n<\/ul>\n<\/li>\n<\/ul>\n<ul>\n<li>Unitat d\u2019Escolaritzacio\u0301 Compartida<\/li>\n<\/ul>\n<ul>\n<li>Hospitals de dia<\/li>\n<\/ul>\n<ul>\n<li>Centres sociosanitaris<\/li>\n<\/ul>\n<ul>\n<li>Centres ocupacionals<\/li>\n<\/ul>\n<ul>\n<li>Serveis d\u2019Atencio\u0301 a la Infa\u0300ncia en Risc<\/li>\n<\/ul>\n<ul>\n<li>Serveis per a la Promocio\u0301 de l\u2019autonomia personal i atencio\u0301 a la depende\u0300ncia<\/li>\n<\/ul>\n<\/div>\n<\/div>\n<\/div>\n<\/div>\n<\/td>\n<td width=\"217\">\n<div class=\"page\" title=\"Page 1\">\n<div class=\"section\">\n<div class=\"layoutArea\">\n<div class=\"column\">\n<ul>\n<li>Educador social<\/li>\n<\/ul>\n<\/div>\n<\/div>\n<\/div>\n<\/div>\n<\/td>\n<\/tr>\n<tr>\n<tr>\n<td width=\"189\">\n<div class=\"page\" title=\"Page 1\">\n<div class=\"section\">\n<div class=\"layoutArea\">\n<div class=\"column\">Grau \/ Diplomatura<br \/>\n<strong>Treball social<\/strong><\/div>\n<\/div>\n<\/div>\n<\/div>\n<\/td>\n<td width=\"180\">\n<div class=\"page\" title=\"Page 1\">\n<div class=\"section\">\n<div class=\"layoutArea\">\n<div class=\"column\">\n<ul>\n<li>Centres d\u2019Educacio\u0301 Especial:\n<ul>\n<li>Pu\u0301blics<\/li>\n<li>Privats<\/li>\n<\/ul>\n<\/li>\n<\/ul>\n<ul>\n<li>Unitat d\u2019Escolaritzacio\u0301 Compartida<\/li>\n<\/ul>\n<ul>\n<li>Hospitals de dia<\/li>\n<\/ul>\n<ul>\n<li>Centres sociosanitaris<\/li>\n<\/ul>\n<ul>\n<li>Centres ocupacionals<\/li>\n<\/ul>\n<ul>\n<li>Serveis d\u2019Atencio\u0301 a la Infa\u0300ncia en Risc<\/li>\n<\/ul>\n<ul>\n<li>Serveis per a la Promocio\u0301 de l\u2019autonomia personal i atencio\u0301 a la depende\u0300ncia<\/li>\n<\/ul>\n<\/div>\n<\/div>\n<\/div>\n<\/div>\n<\/td>\n<td width=\"217\">\n<div class=\"page\" title=\"Page 1\">\n<div class=\"section\">\n<div class=\"layoutArea\">\n<div class=\"column\">\n<ul>\n<li>Treballador o treballadora social<\/li>\n<\/ul>\n<\/div>\n<\/div>\n<\/div>\n<\/div>\n<\/td>\n<\/tr>\n<tr>\n<td width=\"189\">\n<div class=\"page\" title=\"Page 1\">\n<div class=\"section\">\n<div class=\"layoutArea\">\n<div class=\"column\">\n<p>Grau \/ Llicenciatura<\/p>\n<ul>\n<li><strong>Psicopedagogia <\/strong><\/li>\n<li><strong>Psicologia<\/strong><\/li>\n<li><strong>Pedagogia<\/strong><\/li>\n<li><strong>Logope\u0300dia<\/strong><\/li>\n<\/ul>\n<\/div>\n<\/div>\n<\/div>\n<\/div>\n<\/td>\n<td width=\"180\">\n<div class=\"page\" title=\"Page 1\">\n<div class=\"section\">\n<div class=\"layoutArea\">\n<div class=\"column\">\n<ul>\n<li>Centres Educatius Ordinaris*<\/li>\n<\/ul>\n<ul>\n<li>Centres d\u2019Educacio\u0301 Especial*<\/li>\n<\/ul>\n<ul>\n<li>Serveis Educatius:\n<ul>\n<li>EAP*<\/li>\n<li>CREDA<\/li>\n<li>CREDV*<\/li>\n<\/ul>\n<\/li>\n<\/ul>\n<ul>\n<li>Institucions d\u2019atencio\u0301 a persones amb dificultats de l\u2019aprenentatge i\/o transtorns del llenguatge<\/li>\n<\/ul>\n<ul>\n<li>Gabinets pu\u0301blics o privats<\/li>\n<\/ul>\n<ul>\n<li>Cli\u0301niques<\/li>\n<\/ul>\n<ul>\n<li>Hospitals<\/li>\n<\/ul>\n<p>*Si la teva titulacio\u0301 e\u0301s Logope\u0300dia, aquestes opcions no s\u00f3n va\u0300lides.<\/p>\n<\/div>\n<\/div>\n<\/div>\n<\/div>\n<\/td>\n<td width=\"217\">\n<div class=\"page\" title=\"Page 1\">\n<div class=\"section\">\n<div class=\"layoutArea\">\n<div class=\"column\">\n<ul>\n<li>Psicopedagog<\/li>\n<li>Pedagog<\/li>\n<li>Psico\u0300leg<\/li>\n<li>Logopeda<\/li>\n<\/ul>\n<\/div>\n<\/div>\n<\/div>\n<\/div>\n<\/td>\n<\/tr>\n<\/tbody>\n<\/table>\n","protected":false},"excerpt":{"rendered":"<p>Un cop iniciat el semestre, si hi ha un canvi de la tutora o tutor de refer\u00e8ncia al centre educatiu, l&#8217;estudiant ha d&#8217;obrir una consulta al servei d&#8217;atenci\u00f3 amb totes les dades de la nova persona qui tutoritzar\u00e0 les pr\u00e0ctiques al centre perqu\u00e8 el canvi sigui validat per la coordinaci\u00f3 de l\u2019assignatura. Espec\u00edficament, ha d\u2019informar [&hellip;]<\/p>\n","protected":false},"author":1,"featured_media":0,"parent":0,"menu_order":0,"comment_status":"closed","ping_status":"closed","template":"","meta":[],"_links":{"self":[{"href":"http:\/\/guia-practicum-dificultats-aprenentatge.recursos.uoc.edu\/guia-estudiantat\/wp-json\/wp\/v2\/pages\/384"}],"collection":[{"href":"http:\/\/guia-practicum-dificultats-aprenentatge.recursos.uoc.edu\/guia-estudiantat\/wp-json\/wp\/v2\/pages"}],"about":[{"href":"http:\/\/guia-practicum-dificultats-aprenentatge.recursos.uoc.edu\/guia-estudiantat\/wp-json\/wp\/v2\/types\/page"}],"author":[{"embeddable":true,"href":"http:\/\/guia-practicum-dificultats-aprenentatge.recursos.uoc.edu\/guia-estudiantat\/wp-json\/wp\/v2\/users\/1"}],"replies":[{"embeddable":true,"href":"http:\/\/guia-practicum-dificultats-aprenentatge.recursos.uoc.edu\/guia-estudiantat\/wp-json\/wp\/v2\/comments?post=384"}],"version-history":[{"count":14,"href":"http:\/\/guia-practicum-dificultats-aprenentatge.recursos.uoc.edu\/guia-estudiantat\/wp-json\/wp\/v2\/pages\/384\/revisions"}],"predecessor-version":[{"id":982,"href":"http:\/\/guia-practicum-dificultats-aprenentatge.recursos.uoc.edu\/guia-estudiantat\/wp-json\/wp\/v2\/pages\/384\/revisions\/982"}],"wp:attachment":[{"href":"http:\/\/guia-practicum-dificultats-aprenentatge.recursos.uoc.edu\/guia-estudiantat\/wp-json\/wp\/v2\/media?parent=384"}],"curies":[{"name":"wp","href":"https:\/\/api.w.org\/{rel}","templated":true}]}}